{"id":101,"date":"2023-04-01T12:50:47","date_gmt":"2023-04-01T15:50:47","guid":{"rendered":"https:\/\/loja.diogomolina.com.br\/loja\/?post_type=product&#038;p=101"},"modified":"2024-03-19T08:47:57","modified_gmt":"2024-03-19T11:47:57","slug":"workshop-implementacao-e-configuracao-windows-server-core-e-nano-server-dias-10-e-11-de-abril-as-19h","status":"publish","type":"product","link":"https:\/\/loja.diogomolina.com.br\/loja\/produto\/workshop-implementacao-e-configuracao-windows-server-core-e-nano-server-dias-10-e-11-de-abril-as-19h\/","title":{"rendered":"Workshop Implementa\u00e7\u00e3o e Configura\u00e7\u00e3o Windows Server Core e Nano Server"},"content":{"rendered":"","protected":false},"excerpt":{"rendered":"<p><span style=\"font-weight: 400;\">Workshop Implementa\u00e7\u00e3o e Gerenciamento do Windows Server Core e Nano Server ser\u00e1 um treinamento online com um \u00fanico foco: Te ajudar a entender os cen\u00e1rios e implementa\u00e7\u00e3o do Windows Server Core e Nano Server.<\/span><\/p>\n<p><span style=\"font-weight: 400;\">Enquanto muitos profissionais de TI n\u00e3o t\u00eam a m\u00ednima ideia de como trabalhar com o Server Core e o Nano Server, outros est\u00e3o se destacando atendendo as necessidades das empresas que prezam por seguran\u00e7a e agilidade.<\/span><\/p>\n<p><span style=\"font-weight: 400;\">Voc\u00ea ter\u00e1 conhecimentos que a minoria possui e sair\u00e1 na frente em oportunidades que exigem esses conhecimentos. Durante o treinamento eu vou te ensinar quais os cen\u00e1rios \u00e9 recomendado utilizar o Server Core ou Nano Server.<\/span><\/p>\n<p><span style=\"font-weight: 400;\">Voc\u00ea ir\u00e1 entender como implementar e administrar o Server Core na pr\u00e1tica e passo a passo. Assim como utilizar o Nano Server para atender necessidades espec\u00edficas. Em outras palavras, voc\u00ea n\u00e3o ficar\u00e1 para tr\u00e1s, pelo contr\u00e1rio, essa \u00e9 sua chance de dominar um conte\u00fado que poucos conhecem.<\/span><\/p>\n<p><span style=\"font-weight: 400;\">No Workshop voc\u00ea ter\u00e1 acesso a um conte\u00fado 100% pr\u00e1tico. Nada de Powerpoint, vamos colocar a m\u00e3o na massa desde o primeiro minuto.<\/span><\/p>\n<p><span style=\"font-weight: 400;\">Voc\u00ea ir\u00e1 aprender a instalar, fazer as primeiras configura\u00e7\u00f5es e as principais atividades do Server Core e Nano Server.<\/span><\/p>\n<p><span style=\"font-weight: 400;\">Em outras palavras, voc\u00ea vai ter acesso a um conte\u00fado que praticamente n\u00e3o encontramos no mercado.<\/span><\/p>\n<p><span style=\"font-weight: 400;\">Eu no seu lugar, n\u00e3o ficaria de fora.<\/span><\/p>\n<p><span style=\"font-weight: 400;\">Garanta sua vaga agora e tenha a chance de atualizar seu curr\u00edculo com um conhecimento que poucos dominam.<\/span><\/p>\n<p>Um breve resumo do que voc\u00ea ir\u00e1 aprender:<\/p>\n<p>&nbsp;<\/p>\n<p>Instala\u00e7\u00e3o Windows Server Core 2022<br \/>\nPrimeiras Configura\u00e7\u00f5es com SConfig<br \/>\nRecursos e Fun\u00e7\u00f5es Inclu\u00eddos no Windows Server Core 2022<br \/>\nTarefas b\u00e1sicas do Server Core Usando o Poweshell<br \/>\nGerenciamento do Windows Server Core<br \/>\nDeploy Nano Server<br \/>\nCria\u00e7\u00e3o e Customiza\u00e7\u00e3o Nano Server<br \/>\nRecursos Dispon\u00edveis no Nano Server<br \/>\nConfigura\u00e7\u00e3o do Servidor Nano Server<\/p>\n<p><span style=\"font-weight: 400;\">Garanta sua vaga agora!<\/span><\/p>\n<p>&nbsp;<\/p>\n","protected":false},"featured_media":102,"template":"","meta":{"om_disable_all_campaigns":false,"_monsterinsights_skip_tracking":false,"_monsterinsights_sitenote_active":false,"_monsterinsights_sitenote_note":"","_monsterinsights_sitenote_category":0},"product_cat":[15],"product_tag":[],"aioseo_notices":[],"_links":{"self":[{"href":"https:\/\/loja.diogomolina.com.br\/loja\/wp-json\/wp\/v2\/product\/101"}],"collection":[{"href":"https:\/\/loja.diogomolina.com.br\/loja\/wp-json\/wp\/v2\/product"}],"about":[{"href":"https:\/\/loja.diogomolina.com.br\/loja\/wp-json\/wp\/v2\/types\/product"}],"wp:featuredmedia":[{"embeddable":true,"href":"https:\/\/loja.diogomolina.com.br\/loja\/wp-json\/wp\/v2\/media\/102"}],"wp:attachment":[{"href":"https:\/\/loja.diogomolina.com.br\/loja\/wp-json\/wp\/v2\/media?parent=101"}],"wp:term":[{"taxonomy":"product_cat","embeddable":true,"href":"https:\/\/loja.diogomolina.com.br\/loja\/wp-json\/wp\/v2\/product_cat?post=101"},{"taxonomy":"product_tag","embeddable":true,"href":"https:\/\/loja.diogomolina.com.br\/loja\/wp-json\/wp\/v2\/product_tag?post=101"}],"curies":[{"name":"wp","href":"https:\/\/api.w.org\/{rel}","templated":true}]}}