{"id":108,"date":"2023-04-22T12:25:42","date_gmt":"2023-04-22T15:25:42","guid":{"rendered":"https:\/\/loja.diogomolina.com.br\/loja\/?post_type=product&#038;p=108"},"modified":"2024-03-19T08:46:49","modified_gmt":"2024-03-19T11:46:49","slug":"treinamento-gerenciamento-de-ambientes-hibridos-com-azure-arc-server","status":"publish","type":"product","link":"https:\/\/loja.diogomolina.com.br\/loja\/produto\/treinamento-gerenciamento-de-ambientes-hibridos-com-azure-arc-server\/","title":{"rendered":"Treinamento Gerenciamento de Ambientes H\u00edbridos com Azure Arc Server"},"content":{"rendered":"","protected":false},"excerpt":{"rendered":"<p>Hoje muitas empresas est\u00e3o indo para um cen\u00e1rio h\u00edbrido, as que ainda n\u00e3o est\u00e3o nesse cen\u00e1rio, em breve estar\u00e1. E os profissionais que n\u00e3o tiverem as habilidades para gerenciar ambientes h\u00edbridos ir\u00e1 ficar para tr\u00e1s no mercado. As empresas est\u00e3o cada vez mais cobrando dos candidatos o conhecimentos no gerenciamento de ambientes h\u00edbridos. O que na minha opini\u00e3o ser\u00e1 ainda mais cobrado nos pr\u00f3ximos meses.<\/p>\n<p>Enquanto muitos est\u00e3o pensando somente em estudar Cloud, um pequeno grupo entendeu que o futuro \u00e9 ambiente h\u00edbrido e est\u00e3o saindo na frente na hora de concorrer as principais vagas no mercado. N\u00f3s somos privilegiados em viver um momento como esse. S\u00e3o poucos os que conseguem viver t\u00e3o de perto e de maneira t\u00e3o ativa uma nova revolu\u00e7\u00e3o tecnol\u00f3gica.<\/p>\n<p>Esse Treinamento vai te ajudar a DOMINAR uma ferramenta PODEROSA para gerenciar de forma centralizada ambientes h\u00edbridos. Voc\u00ea vai aprender um solu\u00e7\u00e3o \u00fanica onde voc\u00ea ir\u00e1 conseguir gerenciar os Servidores On-Premises, Azure e outros Providers de Cloud atrav\u00e9s de uma \u00fanica solu\u00e7\u00e3o.<\/p>\n<p>As empresas que possuem ambientes h\u00edbridos hoje tem um grande desafio: Como Gerenciar os Servidores Independente de Onde Eles Estejam (On-premises, Azure, Aws, GCP, ect). \u00c9 exatamente aqui que entrar essa solu\u00e7\u00e3o PODEROSA: Azure Arc Server.\u00a0 A maioria das empresas utilizam ferramentas para gerenciar seus Servidores On-Premises, outras ferramentas para gerenciar os Servidores no Azure, outras para gerenciar na Aws, GCP&#8230; e o ambiente se torna uma verdadeira bagun\u00e7a, com v\u00e1rias ferramentas diferentes com o mesmo prop\u00f3sito.<\/p>\n<p>Com o Azure Arc Server voc\u00ea conseguir\u00e1 administrar seus Servidores de forma centralizada, utilizando uma \u00fanica ferramenta.<\/p>\n<p>Estou falando em voc\u00ea se tornar um Mestre na arte de administrar ambientes h\u00edbridos de forma simples e pr\u00e1tica. Perceba a diferen\u00e7a entre administrar ambientes com uma \u00fanica solu\u00e7\u00e3o VERSUS administrar v\u00e1rias ferramentas que tem o mesmo prop\u00f3sito.<\/p>\n<p>Esse \u00e9 o maior segredo de todos em uma administra\u00e7\u00e3o efetiva de um ambiente. Mas para isso voc\u00ea precisa dominar o Azure Arc Server. Felizmente, \u00e9 exatamente isso o que eu vou te ensinar nesse Treinamento IN\u00c9DITO&#8230;<\/p>\n<p>Veja o que voc\u00ea vai aprender:<\/p>\n<p>Aula01 &#8211; Deploy Servidores no Azure Arc Server<br \/>\nAula02 &#8211; Deploy de M\u00faltiplos Servidores no Azure Arc Server<br \/>\nAula03 &#8211; Utilizando o Azure Microsoft Defender Para Gerenciar Servidores no Azure Arc Server<br \/>\nAula04 &#8211; Utilizando o Azure Policy Para Gerenciar Servidores no Azure Arc Server<br \/>\nAula05 &#8211; Configurando o Invent\u00e1rio e Rastreio de Altera\u00e7\u00f5es Nos Servidores no Azure Arc Server<br \/>\nAula06 &#8211; Aplicando Patchs em Servidores no Azure Arc Server Utilizando o Azure Update Management &#8211; 1<br \/>\nAula07 &#8211; Aplicando Patchs em Servidores no Azure Arc Server Utilizando o Azure Update Management &#8211; 2<br \/>\nAula08 &#8211; Monitorando os Servidores no Azure Arc Server Utilizando o Azure Monitor<br \/>\nAula09 &#8211; Gerenciando os Servidores no Azure Arc Server com o Desired State Configuration<br \/>\nAula10 &#8211; Fazendo o Deploy do Azure Arc Server atrav\u00e9s de GPO<br \/>\nAula11 &#8211; Cen\u00e1rio Real Gerenciamento Ambiente Com Azure Arc &#8211; 1<br \/>\nAula12 &#8211; Cen\u00e1rio Real Gerenciamento Ambiente Com Azure Arc &#8211; 2<br \/>\nAula13 &#8211; O Que \u00e9 Cobrado no Azure Arc Server e o Que \u00e9 Gratuito<\/p>\n","protected":false},"featured_media":109,"template":"","meta":{"om_disable_all_campaigns":false,"_monsterinsights_skip_tracking":false,"_monsterinsights_sitenote_active":false,"_monsterinsights_sitenote_note":"","_monsterinsights_sitenote_category":0},"product_cat":[15],"product_tag":[],"aioseo_notices":[],"_links":{"self":[{"href":"https:\/\/loja.diogomolina.com.br\/loja\/wp-json\/wp\/v2\/product\/108"}],"collection":[{"href":"https:\/\/loja.diogomolina.com.br\/loja\/wp-json\/wp\/v2\/product"}],"about":[{"href":"https:\/\/loja.diogomolina.com.br\/loja\/wp-json\/wp\/v2\/types\/product"}],"wp:featuredmedia":[{"embeddable":true,"href":"https:\/\/loja.diogomolina.com.br\/loja\/wp-json\/wp\/v2\/media\/109"}],"wp:attachment":[{"href":"https:\/\/loja.diogomolina.com.br\/loja\/wp-json\/wp\/v2\/media?parent=108"}],"wp:term":[{"taxonomy":"product_cat","embeddable":true,"href":"https:\/\/loja.diogomolina.com.br\/loja\/wp-json\/wp\/v2\/product_cat?post=108"},{"taxonomy":"product_tag","embeddable":true,"href":"https:\/\/loja.diogomolina.com.br\/loja\/wp-json\/wp\/v2\/product_tag?post=108"}],"curies":[{"name":"wp","href":"https:\/\/api.w.org\/{rel}","templated":true}]}}