{"id":120,"date":"2023-06-24T11:21:22","date_gmt":"2023-06-24T14:21:22","guid":{"rendered":"https:\/\/loja.diogomolina.com.br\/loja\/?post_type=product&#038;p=120"},"modified":"2024-03-19T08:39:45","modified_gmt":"2024-03-19T11:39:45","slug":"workshop-dns-externo-com-windows-server-2022","status":"publish","type":"product","link":"https:\/\/loja.diogomolina.com.br\/loja\/produto\/workshop-dns-externo-com-windows-server-2022\/","title":{"rendered":"Workshop DNS Externo Com Windows Server 2022"},"content":{"rendered":"","protected":false},"excerpt":{"rendered":"<p>Se voc\u00ea \u00e9 profissional de TI e ainda n\u00e3o domina totalmente as configura\u00e7\u00f5es e como manter o DNS Externo Seguro no Windows Server, essa \u00e9 a sua grande oportunidade.<\/p>\n<p>Com o DNS Server no Windows Server 2022 voc\u00ea pode construir uma solu\u00e7\u00e3o de resolu\u00e7\u00e3o de nomes segura. E essa solu\u00e7\u00e3o pode ser publicada para resolu\u00e7\u00e3o de nomes externos.<\/p>\n<p>O servi\u00e7o de DNS trabalha com alguns recursos que s\u00e3o fundamentais que o profissional de TI domine para que possa fazer as configura\u00e7\u00f5es do DNS Externo da melhor maneira e o principal, de forma segura. \u00c9 extremamente importante dominar o que s\u00e3o os encaminhadores, os root hints, delega\u00e7\u00e3o de acessos.<\/p>\n<p>O problema \u00e9 que muitos profissionais de TI tentam se aventurar na constru\u00e7\u00e3o de uma solu\u00e7\u00e3o de DNS Externa sem ao menos dominar esses recursos fundamentais.<\/p>\n<p>E com isso acabam criando solu\u00e7\u00f5es perigosamente vulner\u00e1veis.<\/p>\n<p>Nesse Workshop voc\u00ea ter\u00e1 a oportunidade de entender como detalhe, cada configura\u00e7\u00e3o que envolve a cria\u00e7\u00e3o de uma solu\u00e7\u00e3o de resolu\u00e7\u00e3o de nomes DNS Externa, totalmente seguro e longe de vulnerabilidades.<\/p>\n<p>Voc\u00ea ter\u00e1 acesso a um conte\u00fado que vai te ensinar tudo na pr\u00e1tica do absoluto zero, voc\u00ea ir\u00e1 aprender configura\u00e7\u00f5es avan\u00e7adas para atender as necessidades das empresas e deixar o ambiente totalmente seguro.<\/p>\n<p>E mais, muito mais\u2026<\/p>\n<p>Ser\u00e1 um Workshop completo com o grande objetivo de construir uma solu\u00e7\u00e3o de resolu\u00e7\u00e3o de nomes DNS Externo realmente seguro.<\/p>\n<p>Esse Workshop ser\u00e1 um divisor de \u00e1guas no seus conhecimentos de DNS Server.<\/p>\n<p>O investimento tamb\u00e9m n\u00e3o ser\u00e1 nenhuma barreira.<\/p>\n<p>Garanta a sua vaga agora no Workshop DNS Externo com Windows Server 2022.<\/p>\n<p><strong>O Workshop acontecer\u00e1 ao vivo no dia 27 Junho de 2023 \u2013 19h (Hor\u00e1rio de Bras\u00edlia)<\/strong><\/p>\n","protected":false},"featured_media":121,"template":"","meta":{"om_disable_all_campaigns":false,"_monsterinsights_skip_tracking":false,"_monsterinsights_sitenote_active":false,"_monsterinsights_sitenote_note":"","_monsterinsights_sitenote_category":0},"product_cat":[15],"product_tag":[],"aioseo_notices":[],"_links":{"self":[{"href":"https:\/\/loja.diogomolina.com.br\/loja\/wp-json\/wp\/v2\/product\/120"}],"collection":[{"href":"https:\/\/loja.diogomolina.com.br\/loja\/wp-json\/wp\/v2\/product"}],"about":[{"href":"https:\/\/loja.diogomolina.com.br\/loja\/wp-json\/wp\/v2\/types\/product"}],"wp:featuredmedia":[{"embeddable":true,"href":"https:\/\/loja.diogomolina.com.br\/loja\/wp-json\/wp\/v2\/media\/121"}],"wp:attachment":[{"href":"https:\/\/loja.diogomolina.com.br\/loja\/wp-json\/wp\/v2\/media?parent=120"}],"wp:term":[{"taxonomy":"product_cat","embeddable":true,"href":"https:\/\/loja.diogomolina.com.br\/loja\/wp-json\/wp\/v2\/product_cat?post=120"},{"taxonomy":"product_tag","embeddable":true,"href":"https:\/\/loja.diogomolina.com.br\/loja\/wp-json\/wp\/v2\/product_tag?post=120"}],"curies":[{"name":"wp","href":"https:\/\/api.w.org\/{rel}","templated":true}]}}