{"id":122,"date":"2023-07-03T22:23:16","date_gmt":"2023-07-04T01:23:16","guid":{"rendered":"https:\/\/loja.diogomolina.com.br\/loja\/?post_type=product&#038;p=122"},"modified":"2024-03-19T08:37:45","modified_gmt":"2024-03-19T11:37:45","slug":"desafio-construindo-um-ambiente-completo-no-hyper-v","status":"publish","type":"product","link":"https:\/\/loja.diogomolina.com.br\/loja\/produto\/desafio-construindo-um-ambiente-completo-no-hyper-v\/","title":{"rendered":"Desafio Construindo Um Ambiente Completo No Hyper-V"},"content":{"rendered":"","protected":false},"excerpt":{"rendered":"<p>DIA 10\/07 das 19h \u00e0s 22h.<\/p>\n<p>Quer se tornar um especialista em virtualiza\u00e7\u00e3o e dominar as habilidades necess\u00e1rias para configurar e gerenciar m\u00e1quinas virtuais, redes e discos virtuais?<\/p>\n<p>Voc\u00ea quer aprender configurar a alta disponibilidade em seu ambiente virtual, utilizando recursos como failover clustering e live migration?<\/p>\n<p>Ao dominar a implementa\u00e7\u00e3o e administra\u00e7\u00e3o do Hyper-V, voc\u00ea estar\u00e1 capacitado a trabalhar em praticamente qualquer ambiente que utilize virtualiza\u00e7\u00e3o.<\/p>\n<p>Voc\u00ea estar\u00e1 um passo \u00e0 frente, posicionando-se como um especialista em virtualiza\u00e7\u00e3o e abrindo as portas para novas oportunidades no mercado.<\/p>\n<p>Essa \u00e9 a sua chance de se tornar uma refer\u00eancia no mundo da virtualiza\u00e7\u00e3o com o nosso desafio Hyper-V. Venha fazer parte dessa jornada e transforme o seu conhecimento em um verdadeiro trampolim para o sucesso!&#8221;<\/p>\n<p>O nosso desafio Hyper-V \u00e9 uma oportunidade \u00fanica e est\u00e1 chegando em breve, no dia 10 de julho \u00e0s 19h.<\/p>\n<p>As vagas s\u00e3o limitadas e, para tornar essa oferta ainda mais irresist\u00edvel, reservamos um b\u00f4nus especial para os primeiros alunos inscritos: a grava\u00e7\u00e3o completa do desafio com acesso vital\u00edcio.<\/p>\n<p>Isso significa que, mesmo que voc\u00ea n\u00e3o possa participar ao vivo, poder\u00e1 assistir e revisar todas as etapas e dicas valiosas sempre que precisar. Mas aten\u00e7\u00e3o! Essa vantagem exclusiva \u00e9 restrita apenas aos primeiros alunos que garantirem suas vagas. Ent\u00e3o, n\u00e3o perca tempo e aja rapidamente para garantir o seu lugar neste desafio incr\u00edvel!<\/p>\n<p>Minha experi\u00eancia ao longo dos anos trabalhando com o Hyper-V me permitiu aprofundar meu conhecimento e descobrir as melhores pr\u00e1ticas para construir e gerenciar ambientes virtuais de alta performance. E agora, eu quero compartilhar esse conhecimento com voc\u00ea no nosso desafio Hyper-V.<\/p>\n<p>Ao participar do desafio, voc\u00ea ter\u00e1 a oportunidade de aprender com algu\u00e9m que vivenciou a evolu\u00e7\u00e3o do Hyper-V e que est\u00e1 constantemente atualizado com as \u00faltimas melhorias e recursos.<\/p>\n<p>No nosso desafio Hyper-V, voc\u00ea ter\u00e1 a oportunidade de adquirir habilidades essenciais para implementar e administrar o Hyper-V em qualquer cen\u00e1rio, desde os mais simples at\u00e9 os mais robustos.<\/p>\n<p>Isso significa que voc\u00ea estar\u00e1 preparado para configurar o Hyper-V em alta disponibilidade, garantindo a continuidade dos servi\u00e7os mesmo em situa\u00e7\u00f5es cr\u00edticas.<\/p>\n<p>Al\u00e9m disso, voc\u00ea aprender\u00e1 a administrar os recursos do Hyper-V de forma mais efetiva, utilizando as configura\u00e7\u00f5es e recursos mais avan\u00e7ados dispon\u00edveis. Isso permitir\u00e1 que voc\u00ea atenda \u00e0s necessidades espec\u00edficas de cada ambiente, otimizando a performance e a efici\u00eancia do seu sistema virtual.<\/p>\n<p>Aproveite esta oportunidade \u00fanica e inscreva-se agora no nosso desafio Hyper-V! Garanta o seu lugar e tenha acesso vital\u00edcio \u00e0 grava\u00e7\u00e3o completa do desafio, para que voc\u00ea possa revisar e aprimorar seu conhecimento sempre que precisar.<\/p>\n<p>Al\u00e9m disso, como b\u00f4nus exclusivos, voc\u00ea tamb\u00e9m receber\u00e1 o treinamento completo de DHCP Server, DNS Server e Certificado Digital no Windows Server. Esses recursos adicionais ir\u00e3o potencializar ainda mais o seu aprendizado e te preparar para dominar as principais ferramentas e servi\u00e7os relacionados.<\/p>\n<p>N\u00e3o espere mais! Aproveite esta oferta especial e invista em seu desenvolvimento profissional. Ao se inscrever agora, voc\u00ea estar\u00e1 dando um passo \u00e0 frente em dire\u00e7\u00e3o ao sucesso e ao dom\u00ednio do Hyper-V. N\u00e3o deixe passar essa oportunidade de adquirir conhecimentos valiosos e se destacar no mercado.<\/p>\n<p>Clique no link abaixo para garantir a sua vaga e receber imediatamente todos os benef\u00edcios exclusivos do nosso desafio Hyper-V. N\u00e3o perca essa chance de transformar a sua carreira e impulsionar o seu crescimento!<\/p>\n","protected":false},"featured_media":124,"template":"","meta":{"om_disable_all_campaigns":false,"_monsterinsights_skip_tracking":false,"_monsterinsights_sitenote_active":false,"_monsterinsights_sitenote_note":"","_monsterinsights_sitenote_category":0},"product_cat":[15],"product_tag":[],"aioseo_notices":[],"_links":{"self":[{"href":"https:\/\/loja.diogomolina.com.br\/loja\/wp-json\/wp\/v2\/product\/122"}],"collection":[{"href":"https:\/\/loja.diogomolina.com.br\/loja\/wp-json\/wp\/v2\/product"}],"about":[{"href":"https:\/\/loja.diogomolina.com.br\/loja\/wp-json\/wp\/v2\/types\/product"}],"wp:featuredmedia":[{"embeddable":true,"href":"https:\/\/loja.diogomolina.com.br\/loja\/wp-json\/wp\/v2\/media\/124"}],"wp:attachment":[{"href":"https:\/\/loja.diogomolina.com.br\/loja\/wp-json\/wp\/v2\/media?parent=122"}],"wp:term":[{"taxonomy":"product_cat","embeddable":true,"href":"https:\/\/loja.diogomolina.com.br\/loja\/wp-json\/wp\/v2\/product_cat?post=122"},{"taxonomy":"product_tag","embeddable":true,"href":"https:\/\/loja.diogomolina.com.br\/loja\/wp-json\/wp\/v2\/product_tag?post=122"}],"curies":[{"name":"wp","href":"https:\/\/api.w.org\/{rel}","templated":true}]}}