{"id":125,"date":"2023-08-08T08:25:39","date_gmt":"2023-08-08T11:25:39","guid":{"rendered":"https:\/\/loja.diogomolina.com.br\/loja\/?post_type=product&#038;p=125"},"modified":"2024-03-19T08:36:15","modified_gmt":"2024-03-19T11:36:15","slug":"pacote-treinamento-administracao-azure-az-104-e-administracao-windows-server-2022-ambiente-hibrido-az-800","status":"publish","type":"product","link":"https:\/\/loja.diogomolina.com.br\/loja\/produto\/pacote-treinamento-administracao-azure-az-104-e-administracao-windows-server-2022-ambiente-hibrido-az-800\/","title":{"rendered":"Pacote Treinamento Administra\u00e7\u00e3o Azure (AZ-104) e Administra\u00e7\u00e3o Windows Server 2022 Ambiente H\u00edbrido (AZ-800)"},"content":{"rendered":"","protected":false},"excerpt":{"rendered":"<h3><strong>Forma\u00e7\u00e3o Administra\u00e7\u00e3o Azure (AZ-104):<\/strong><\/h3>\n<h4>Essa forma\u00e7\u00e3o de administra\u00e7\u00e3o de ambientes com Microsoft Azure ir\u00e1 preparar os alunos para as vagas que exigem conhecimentos em Azure.<\/h4>\n<h4>E n\u00e3o somente isso, o conte\u00fado da Forma\u00e7\u00e3o tamb\u00e9m \u00e9 base preparat\u00f3ria para quem deseja tirar a certifica\u00e7\u00e3o AZ-104 (Administrando o Microsoft Azure).<\/h4>\n<h4>Nessa forma\u00e7\u00e3o voc\u00ea vai aprender sobre os principais pilares do Azure, conhecimentos esses que as empresas que est\u00e3o migrando seus conte\u00fados para o Azure est\u00e3o exigindo dos candidatos.<\/h4>\n<h4>Vejas os pilares que iremos ver nessa Forma\u00e7\u00e3o:<\/h4>\n<h4>01 \u2013 Gerenciamento do Azure Active Directory.<br \/>\n02 \u2013 Gerenciamento de Permiss\u00f5es e Acessos aos recursos do Azure.<br \/>\n03 \u2013 Como Gerenciar a Subscription e a Governan\u00e7a do Azure.<br \/>\n04 \u2013 Gerenciamento do Armazenamento no Azure.<br \/>\n05 \u2013 Seguran\u00e7a de Armazenamento no Azure.<br \/>\n06 \u2013 Configurando Azure Files e Azure Blob Storage.<br \/>\n07 \u2013 Criando e Configurando VM\u00b4s no Azure.<br \/>\n08 \u2013 Criando e Configurando Containers no Azure.<br \/>\n09 \u2013 Trabalhando com o Azure APP Service.<br \/>\n10 \u2013 Implementando e Gerenciando Redes Virtuais no Azure.<br \/>\n11 \u2013 Gerenciando a Seguran\u00e7a de Acesso para Redes Virtuais no Azure.<br \/>\n12 \u2013 Configura\u00e7\u00e3o de Balanceamento de Cargas no Azure.<br \/>\n13 \u2013 Monitorando e Resolvendo Problemas de Redes Virtuais no Azure.<br \/>\n14 \u2013 Integrando a Rede On-Premises com a Rede do Azure.<br \/>\n15 \u2013 Monitorando os Recursos do Azure com o Azure Monitor.<br \/>\n16 \u2013 Implementando Backup e Restore n Azure.<\/h4>\n<h4>Depois de completar essa Forma\u00e7\u00e3o de Administra\u00e7\u00e3o do Azure voc\u00ea estar\u00e1 preparado para administrar ambientes no Azure e tamb\u00e9m estar\u00e1 preparado para o exame AZ-104.<\/h4>\n<p>&nbsp;<\/p>\n<h3><strong>Administra\u00e7\u00e3o Windows Server 2022 em Ambientes H\u00edbridos (AZ-800):<\/strong><\/h3>\n<h4>Uma das certifica\u00e7\u00f5es mais cobradas pelas empresas \u00e9 a AZ-800. E o motivo \u00e9 muito simples: Hoje a maioria das empresas est\u00e3o em um cen\u00e1rios h\u00edbrido\u2026 onde seus recursos rodam tanto no ambiente on-premises como no Azure.<\/h4>\n<h4>E consequentemente essas empresas precisam de profissionais qualificados para administrar esses ambientes.<\/h4>\n<h4>\u00c9 aqui que entra a certifica\u00e7\u00e3o AZ-800. Ela ir\u00e1 cobrar do candidato o conhecimento necess\u00e1rio para implementar e gerenciar esses ambientes h\u00edbridos. Por isso ela \u00e9 uma das certifica\u00e7\u00f5es mais importantes hoje.<\/h4>\n<h4>Veja um resumo do que voc\u00ea ir\u00e1 aprender nesse treinamento:<\/h4>\n<h4>01 \u2013 Implementa\u00e7\u00e3o e Gerenciamento do Active Directory em ambientes H\u00edbridos<br \/>\n02 \u2013 Configura\u00e7\u00e3o e Gerenciamento de m\u00faltiplos sites, dom\u00ednios e florestas do Active Directory<br \/>\n03 \u2013 Criando e Gerenciando identidades de seguran\u00e7a no Active Directory em ambiente H\u00edbridos<br \/>\n04 \u2013 Gerenciando o Windows Server com as GPO do Active Directory<br \/>\n05 \u2013 Gerenciando Windows Server em Ambientes H\u00edbridos com Windows Admin Center<br \/>\n06 \u2013 Gerenciando Ambientes H\u00edbridos com o Azure Arc, Log Analytcs, Azure Monitor, Azure Automation e Microsoft Defender for Cluod<br \/>\n07 \u2013 Gerenciando M\u00e1quinas Virtuais no Hyper-V<br \/>\n08 \u2013 Criando e Gerenciando Containers<br \/>\n09 \u2013 Implementando Resolu\u00e7\u00e3o de Nomes DNS em Ambientes H\u00edbridos<br \/>\n10 \u2013 Implementando a conectividade entre ambientes on-premises e o Azure<br \/>\n11 \u2013 Configurando e Gerenciando o Azure File Sync<br \/>\n12 \u2013 Configurando e Gerenciando o File Server<br \/>\n13 \u2013 Configurando e Gerenciando o Armazenamento em Ambiente H\u00edbridos<\/h4>\n<h4>Voc\u00ea ter\u00e1 acesso a todos os pilares cobrados nos exames, e ap\u00f3s finalizar o treinamento estar\u00e1 apto para prestar o exame AZ-800.<\/h4>\n","protected":false},"featured_media":126,"template":"","meta":{"om_disable_all_campaigns":false,"_monsterinsights_skip_tracking":false,"_monsterinsights_sitenote_active":false,"_monsterinsights_sitenote_note":"","_monsterinsights_sitenote_category":0},"product_cat":[15],"product_tag":[],"aioseo_notices":[],"_links":{"self":[{"href":"https:\/\/loja.diogomolina.com.br\/loja\/wp-json\/wp\/v2\/product\/125"}],"collection":[{"href":"https:\/\/loja.diogomolina.com.br\/loja\/wp-json\/wp\/v2\/product"}],"about":[{"href":"https:\/\/loja.diogomolina.com.br\/loja\/wp-json\/wp\/v2\/types\/product"}],"wp:featuredmedia":[{"embeddable":true,"href":"https:\/\/loja.diogomolina.com.br\/loja\/wp-json\/wp\/v2\/media\/126"}],"wp:attachment":[{"href":"https:\/\/loja.diogomolina.com.br\/loja\/wp-json\/wp\/v2\/media?parent=125"}],"wp:term":[{"taxonomy":"product_cat","embeddable":true,"href":"https:\/\/loja.diogomolina.com.br\/loja\/wp-json\/wp\/v2\/product_cat?post=125"},{"taxonomy":"product_tag","embeddable":true,"href":"https:\/\/loja.diogomolina.com.br\/loja\/wp-json\/wp\/v2\/product_tag?post=125"}],"curies":[{"name":"wp","href":"https:\/\/api.w.org\/{rel}","templated":true}]}}