{"id":41,"date":"2023-02-11T11:38:44","date_gmt":"2023-02-11T14:38:44","guid":{"rendered":"https:\/\/loja.diogomolina.com.br\/?post_type=product&#038;p=41"},"modified":"2024-03-19T09:09:45","modified_gmt":"2024-03-19T12:09:45","slug":"treinamento-especialista-dns-server","status":"publish","type":"product","link":"https:\/\/loja.diogomolina.com.br\/loja\/produto\/treinamento-especialista-dns-server\/","title":{"rendered":"Treinamento Especialista DNS Server"},"content":{"rendered":"","protected":false},"excerpt":{"rendered":"<p>O Treinamento Especialista DNS Server vai preparar os alunos a administrar ambiente com DNS Server interno e tamb\u00e9m externo.<\/p>\n<p>E o principal, levando em considera\u00e7\u00e3o a seguran\u00e7a, principalmente no que envolve a configura\u00e7\u00e3o do DNS externo.<\/p>\n<p>Um dos ataques mais realizados contra as empresas, envolvem a explora\u00e7\u00e3o de vulnerabilidade do DNS Server externo, que est\u00e1 exposto para internet de forma indevida.<\/p>\n<p>Por\u00e9m para proteger o ambiente, \u00e9 necess\u00e1rio conhecer todos os recursos dispon\u00edveis no DNS Server&#8230; configura\u00e7\u00f5es de atualiza\u00e7\u00f5es din\u00e2micas, replica\u00e7\u00e3o de zonas DNS, etc.<\/p>\n<p>E nesse treinamento voc\u00ea ter\u00e1 acesso a todos esses recursos, desde os conceitos b\u00e1sicos, at\u00e9 os recursos avan\u00e7ados que ser\u00e3o utilizados para deixar o ambiente seguro.<\/p>\n<p>Veja um resumo do que voc\u00ea ir\u00e1 aprender nesse treinamento:<\/p>\n<p>01 &#8211; Conceitos do DNS Server<br \/>\n02 &#8211; Como funciona a resolu\u00e7\u00e3o de nomes<br \/>\n03 &#8211; Instala\u00e7\u00e3o do DNS Server<br \/>\n04 &#8211; Cria\u00e7\u00e3o e Configura\u00e7\u00e3o das Zonas DNS<br \/>\n05 &#8211; Os tipos de registros do DNS Server e Como cria-los<br \/>\n06 &#8211; Diferen\u00e7a entre Zonas DNS integradas ao Active Directory e Zonas DNS tradicionais<br \/>\n07 &#8211; Como manter a Resolu\u00e7\u00e3o de Nomes em Alta Disponibilidade<br \/>\n08 &#8211; O que s\u00e3o e como funcionam os Encaminhadores<br \/>\n09 &#8211; O que s\u00e3o e como funcionam os Root Hints<br \/>\n10 &#8211; Implementando o DNS externo de forma Segura<br \/>\n&#8230; e muito mais.<\/p>\n<p>Se torne um ESPECIALISTA no recurso que toda empresa precisa.<\/p>\n","protected":false},"featured_media":42,"template":"","meta":{"om_disable_all_campaigns":false,"_monsterinsights_skip_tracking":false,"_monsterinsights_sitenote_active":false,"_monsterinsights_sitenote_note":"","_monsterinsights_sitenote_category":0},"product_cat":[28],"product_tag":[29],"aioseo_notices":[],"_links":{"self":[{"href":"https:\/\/loja.diogomolina.com.br\/loja\/wp-json\/wp\/v2\/product\/41"}],"collection":[{"href":"https:\/\/loja.diogomolina.com.br\/loja\/wp-json\/wp\/v2\/product"}],"about":[{"href":"https:\/\/loja.diogomolina.com.br\/loja\/wp-json\/wp\/v2\/types\/product"}],"wp:featuredmedia":[{"embeddable":true,"href":"https:\/\/loja.diogomolina.com.br\/loja\/wp-json\/wp\/v2\/media\/42"}],"wp:attachment":[{"href":"https:\/\/loja.diogomolina.com.br\/loja\/wp-json\/wp\/v2\/media?parent=41"}],"wp:term":[{"taxonomy":"product_cat","embeddable":true,"href":"https:\/\/loja.diogomolina.com.br\/loja\/wp-json\/wp\/v2\/product_cat?post=41"},{"taxonomy":"product_tag","embeddable":true,"href":"https:\/\/loja.diogomolina.com.br\/loja\/wp-json\/wp\/v2\/product_tag?post=41"}],"curies":[{"name":"wp","href":"https:\/\/api.w.org\/{rel}","templated":true}]}}