{"id":43,"date":"2023-02-11T11:49:30","date_gmt":"2023-02-11T14:49:30","guid":{"rendered":"https:\/\/loja.diogomolina.com.br\/?post_type=product&#038;p=43"},"modified":"2024-05-15T09:05:15","modified_gmt":"2024-05-15T12:05:15","slug":"formacao-administracao-microsoft-azure","status":"publish","type":"product","link":"https:\/\/loja.diogomolina.com.br\/loja\/produto\/formacao-administracao-microsoft-azure\/","title":{"rendered":"Forma\u00e7\u00e3o Administra\u00e7\u00e3o Microsoft Azure"},"content":{"rendered":"","protected":false},"excerpt":{"rendered":"<p>https:\/\/vimeo.com\/817104544<\/p>\n<h4>Essa forma\u00e7\u00e3o de administra\u00e7\u00e3o de ambientes com Microsoft Azure ir\u00e1 preparar os alunos para as vagas que exigem conhecimentos em Azure.<\/h4>\n<h4>E n\u00e3o somente isso, o conte\u00fado da Forma\u00e7\u00e3o tamb\u00e9m \u00e9 base preparat\u00f3ria para quem deseja tirar a certifica\u00e7\u00e3o AZ-104 (Administrando o Microsoft Azure).<\/h4>\n<h4>Nessa forma\u00e7\u00e3o voc\u00ea vai aprender sobre os principais pilares do Azure, conhecimentos esses que as empresas que est\u00e3o migrando seus conte\u00fados para o Azure est\u00e3o exigindo dos candidatos.<\/h4>\n<h4>Vejas os pilares que iremos ver nessa Forma\u00e7\u00e3o:<\/h4>\n<h4>01 &#8211; Gerenciamento do Azure Active Directory.<br \/>\n02 &#8211; Gerenciamento de Permiss\u00f5es e Acessos aos recursos do Azure.<br \/>\n03 &#8211; Como Gerenciar a Subscription e a Governan\u00e7a do Azure.<br \/>\n04 &#8211; Gerenciamento do Armazenamento no Azure.<br \/>\n05 &#8211; Seguran\u00e7a de Armazenamento no Azure.<br \/>\n06 &#8211; Configurando Azure Files e Azure Blob Storage.<br \/>\n07 &#8211; Criando e Configurando VM\u00b4s no Azure.<br \/>\n08 &#8211; Criando e Configurando Containers no Azure.<br \/>\n09 &#8211; Trabalhando com o Azure APP Service.<br \/>\n10 &#8211; Implementando e Gerenciando Redes Virtuais no Azure.<br \/>\n11 &#8211; Gerenciando a Seguran\u00e7a de Acesso para Redes Virtuais no Azure.<br \/>\n12 &#8211; Configura\u00e7\u00e3o de Balanceamento de Cargas no Azure.<br \/>\n13 &#8211; Monitorando e Resolvendo Problemas de Redes Virtuais no Azure.<br \/>\n14 &#8211; Integrando a Rede On-Premises com a Rede do Azure.<br \/>\n15 &#8211; Monitorando os Recursos do Azure com o Azure Monitor.<br \/>\n16 &#8211; Implementando Backup e Restore n Azure.<\/h4>\n<h4>Depois de completar essa Forma\u00e7\u00e3o de Administra\u00e7\u00e3o do Azure voc\u00ea estar\u00e1 preparado para administrar ambientes no Azure e tamb\u00e9m estar\u00e1 preparado para o exame AZ-104.<\/h4>\n<h4>Garanta sua vaga e esteja preparado para as melhores vagas do mercado.<\/h4>\n","protected":false},"featured_media":44,"template":"","meta":{"om_disable_all_campaigns":false,"_monsterinsights_skip_tracking":false,"_monsterinsights_sitenote_active":false,"_monsterinsights_sitenote_note":"","_monsterinsights_sitenote_category":0},"product_cat":[30],"product_tag":[31],"aioseo_notices":[],"_links":{"self":[{"href":"https:\/\/loja.diogomolina.com.br\/loja\/wp-json\/wp\/v2\/product\/43"}],"collection":[{"href":"https:\/\/loja.diogomolina.com.br\/loja\/wp-json\/wp\/v2\/product"}],"about":[{"href":"https:\/\/loja.diogomolina.com.br\/loja\/wp-json\/wp\/v2\/types\/product"}],"wp:featuredmedia":[{"embeddable":true,"href":"https:\/\/loja.diogomolina.com.br\/loja\/wp-json\/wp\/v2\/media\/44"}],"wp:attachment":[{"href":"https:\/\/loja.diogomolina.com.br\/loja\/wp-json\/wp\/v2\/media?parent=43"}],"wp:term":[{"taxonomy":"product_cat","embeddable":true,"href":"https:\/\/loja.diogomolina.com.br\/loja\/wp-json\/wp\/v2\/product_cat?post=43"},{"taxonomy":"product_tag","embeddable":true,"href":"https:\/\/loja.diogomolina.com.br\/loja\/wp-json\/wp\/v2\/product_tag?post=43"}],"curies":[{"name":"wp","href":"https:\/\/api.w.org\/{rel}","templated":true}]}}