{"id":47,"date":"2023-02-11T13:31:41","date_gmt":"2023-02-11T16:31:41","guid":{"rendered":"https:\/\/loja.diogomolina.com.br\/?post_type=product&#038;p=47"},"modified":"2024-03-19T09:05:37","modified_gmt":"2024-03-19T12:05:37","slug":"workshop-como-gerenciar-o-azure-active-directory","status":"publish","type":"product","link":"https:\/\/loja.diogomolina.com.br\/loja\/produto\/workshop-como-gerenciar-o-azure-active-directory\/","title":{"rendered":"Workshop Como Gerenciar o Azure Active Directory"},"content":{"rendered":"","protected":false},"excerpt":{"rendered":"<h4>O Azure Active Directory e o recurso de gerenciamento de identidades do Azure. No Azure AD podemos criar usu\u00e1rios , grupos&#8230; para liberar as permiss\u00f5es de acessos no ambiente do Azure.<\/h4>\n<h4>\u00c9 poss\u00edvel \u00e9 muito utilizado a integra\u00e7\u00e3o entre o Active Directory on-premises e o Azure AD. O componente que permite essa integra\u00e7\u00e3o \u00e9 o Azure AD Connect.<\/h4>\n<h4>Nesse Workshop voc\u00ea ir\u00e1 aprender a utilizar os recursos dispon\u00edveis no Azure AD&#8230; n\u00e3o somente sobre a cria\u00e7\u00e3o de usu\u00e1rios e grupos&#8230;<\/h4>\n<h4>Mas tamb\u00e9m como criar federa\u00e7\u00e3o no Azure AD, para que usu\u00e1rios de dom\u00ednios externos possam acessos os seus recursos no Azure, e como trabalhar com as politicas de acessos condicionais&#8230; um recurso poderoso onde atrav\u00e9s de v\u00e1rios politicas, podemos deixar o acesso ao nosso ambiente mais seguro.<\/h4>\n<h4>Essa \u00e9 sua oportunidade para dominar o gerenciamento do Azure AD.<\/h4>\n","protected":false},"featured_media":48,"template":"","meta":{"om_disable_all_campaigns":false,"_monsterinsights_skip_tracking":false,"_monsterinsights_sitenote_active":false,"_monsterinsights_sitenote_note":"","_monsterinsights_sitenote_category":0},"product_cat":[30],"product_tag":[31],"aioseo_notices":[],"_links":{"self":[{"href":"https:\/\/loja.diogomolina.com.br\/loja\/wp-json\/wp\/v2\/product\/47"}],"collection":[{"href":"https:\/\/loja.diogomolina.com.br\/loja\/wp-json\/wp\/v2\/product"}],"about":[{"href":"https:\/\/loja.diogomolina.com.br\/loja\/wp-json\/wp\/v2\/types\/product"}],"wp:featuredmedia":[{"embeddable":true,"href":"https:\/\/loja.diogomolina.com.br\/loja\/wp-json\/wp\/v2\/media\/48"}],"wp:attachment":[{"href":"https:\/\/loja.diogomolina.com.br\/loja\/wp-json\/wp\/v2\/media?parent=47"}],"wp:term":[{"taxonomy":"product_cat","embeddable":true,"href":"https:\/\/loja.diogomolina.com.br\/loja\/wp-json\/wp\/v2\/product_cat?post=47"},{"taxonomy":"product_tag","embeddable":true,"href":"https:\/\/loja.diogomolina.com.br\/loja\/wp-json\/wp\/v2\/product_tag?post=47"}],"curies":[{"name":"wp","href":"https:\/\/api.w.org\/{rel}","templated":true}]}}