{"id":54,"date":"2023-02-11T14:26:28","date_gmt":"2023-02-11T17:26:28","guid":{"rendered":"https:\/\/loja.diogomolina.com.br\/?post_type=product&#038;p=54"},"modified":"2024-03-19T09:00:56","modified_gmt":"2024-03-19T12:00:56","slug":"preparatorio-certificacao-az-800-administrando-windows-server-2022-em-ambiente-hibridos","status":"publish","type":"product","link":"https:\/\/loja.diogomolina.com.br\/loja\/produto\/preparatorio-certificacao-az-800-administrando-windows-server-2022-em-ambiente-hibridos\/","title":{"rendered":"Preparat\u00f3rio Certifica\u00e7\u00e3o AZ-800 &#8211; Administrando Windows Server 2022 em Ambiente H\u00edbridos"},"content":{"rendered":"","protected":false},"excerpt":{"rendered":"<p>https:\/\/vimeo.com\/814799512<\/p>\n<h4>Uma das certifica\u00e7\u00f5es mais cobradas pelas empresas \u00e9 a AZ-800. E o motivo \u00e9 muito simples: Hoje a maioria das empresas est\u00e3o em um cen\u00e1rios h\u00edbrido&#8230; onde seus recursos rodam tanto no ambiente on-premises como no Azure.<\/h4>\n<h4>E consequentemente essas empresas precisam de profissionais qualificados para administrar esses ambientes.<\/h4>\n<h4>\u00c9 aqui que entra a certifica\u00e7\u00e3o AZ-800. Ela ir\u00e1 cobrar do candidato o conhecimento necess\u00e1rio para implementar e gerenciar esses ambientes h\u00edbridos. Por isso ela \u00e9 uma das certifica\u00e7\u00f5es mais importantes hoje.<\/h4>\n<h4>Veja um resumo do que voc\u00ea ir\u00e1 aprender nesse treinamento:<\/h4>\n<h4>01 &#8211; Implementa\u00e7\u00e3o e Gerenciamento do Active Directory em ambientes H\u00edbridos<br \/>\n02 &#8211; Configura\u00e7\u00e3o e Gerenciamento de m\u00faltiplos sites, dom\u00ednios e florestas do Active Directory<br \/>\n03 &#8211; Criando e Gerenciando identidades de seguran\u00e7a no Active Directory em ambiente H\u00edbridos<br \/>\n04 &#8211; Gerenciando o Windows Server com as GPO do Active Directory<br \/>\n05 &#8211; Gerenciando Windows Server em Ambientes H\u00edbridos com Windows Admin Center<br \/>\n06 &#8211; Gerenciando Ambientes H\u00edbridos com o Azure Arc, Log Analytcs, Azure Monitor, Azure Automation e Microsoft Defender for Cluod<br \/>\n07 &#8211; Gerenciando M\u00e1quinas Virtuais no Hyper-V<br \/>\n08 &#8211; Criando e Gerenciando Containers<br \/>\n09 &#8211; Implementando Resolu\u00e7\u00e3o de Nomes DNS em Ambientes H\u00edbridos<br \/>\n10 &#8211; Implementando a conectividade entre ambientes on-premises e o Azure<br \/>\n11 &#8211; Configurando e Gerenciando o Azure File Sync<br \/>\n12 &#8211; Configurando e Gerenciando o File Server<br \/>\n13 &#8211; Configurando e Gerenciando o Armazenamento em Ambiente H\u00edbridos<\/h4>\n<h4>Voc\u00ea ter\u00e1 acesso a todos os pilares cobrados nos exames, e ap\u00f3s finalizar o treinamento estar\u00e1 apto para prestar o exame AZ-800.<\/h4>\n","protected":false},"featured_media":55,"template":"","meta":{"om_disable_all_campaigns":false,"_monsterinsights_skip_tracking":false,"_monsterinsights_sitenote_active":false,"_monsterinsights_sitenote_note":"","_monsterinsights_sitenote_category":0},"product_cat":[15,30,33,17],"product_tag":[34],"aioseo_notices":[],"_links":{"self":[{"href":"https:\/\/loja.diogomolina.com.br\/loja\/wp-json\/wp\/v2\/product\/54"}],"collection":[{"href":"https:\/\/loja.diogomolina.com.br\/loja\/wp-json\/wp\/v2\/product"}],"about":[{"href":"https:\/\/loja.diogomolina.com.br\/loja\/wp-json\/wp\/v2\/types\/product"}],"wp:featuredmedia":[{"embeddable":true,"href":"https:\/\/loja.diogomolina.com.br\/loja\/wp-json\/wp\/v2\/media\/55"}],"wp:attachment":[{"href":"https:\/\/loja.diogomolina.com.br\/loja\/wp-json\/wp\/v2\/media?parent=54"}],"wp:term":[{"taxonomy":"product_cat","embeddable":true,"href":"https:\/\/loja.diogomolina.com.br\/loja\/wp-json\/wp\/v2\/product_cat?post=54"},{"taxonomy":"product_tag","embeddable":true,"href":"https:\/\/loja.diogomolina.com.br\/loja\/wp-json\/wp\/v2\/product_tag?post=54"}],"curies":[{"name":"wp","href":"https:\/\/api.w.org\/{rel}","templated":true}]}}